/((-2)/(-4)). Let w be (126/y)/((-12)/8). Let p = w + 20. What are the prime factors of p?
2, 3
Let o = 64 + -64. Suppose o = 7*k - 376 - 1626. What are the prime factors of k?
2, 11, 13
Let m(l) = 1280*l**3 - l**2 + 8*l - 9. What are the prime factors of m(1)?
2, 3, 71
Let y(z) = 23*z - 149. Let t be 68*((-4)/16)/(-1). What are the prime factors of y(t)?
2, 11
Let y(h) = 207*h + 7897. What are the prime factors of y(-15)?
2, 599
Let k(v) = -2*v**2 - 194*v + 570. List the prime factors of k(-43).
2, 3, 11, 79
Suppose -26*f + 260370 = -70246. What are the prime factors of f?
2, 11, 17
Let r be 4/(-8) + (-1527)/(-6). Let q = 364 - r. Suppose -q = -4*k - k. List the prime factors of k.
2, 11
What are the prime factors of (-5752)/(-21) + (-25)/((-4200)/16)?
2, 137
Suppose -7*y = 673 - 2059. Suppose 2*s - y = -4*x, 5*x - 234 - 11 = -2*s. What are the prime factors of x?
47
Let m(j) = j**3 + 25*j**2 + 3. Let h be m(-25). Suppose -3*w - 2 = 4*l, -2*l - 9 = 4*w - h*l. List the prime factors of 240 - 9/((-9)/w).
2, 7, 17
Let j = -373 + 378. Suppose 912 = -6*m + 7*m - j*p, 4448 = 5*m + 3*p. List the prime factors of m.
2, 223
Let d = 61081 - -3916. List the prime factors of d.
64997
Let a be (-1 - (-66)/55) + 62918/10. Suppose q = -10*q + a. List the prime factors of q.
2, 11, 13
Let r be 2*2/4 + (1 - -4). Suppose -11 = r*n - 119. List the prime factors of n.
2, 3
Suppose 5*v - 52 = -4*a, 1 = a + v - 11. Suppose 0 = -3*c - 5*m - a, 4*m - 3 = -2*c - 11. Suppose -y = -c*y + 9, 4*l - 95 = 3*y. List the prime factors of l.
2, 13
Let k(d) = 8*d**3 + 16*d**2 - d + 9. Let v be k(8). Suppose -501*z + v = -498*z. What are the prime factors of z?
3, 569
Let s be 2*((-35)/2)/(-7). Suppose 3*q - 4*f = -s*f + 2, 0 = 4*q + 5*f - 10. Suppose -2*a + q*a = -116. What are the prime factors of a?
2, 29
Suppose j - 5 = -4*w + 9, j - 2 = 0. Let s(v) = -2*v**2 + 2. Let l be s(-2). What are the prime factors of (w/l)/((-1)/30)?
3, 5
Let c be 72/45*20/8. What are the prime factors of 94/c*(-51 - -53)?
47
Let u be 11/((-33)/(-6)) + 206. Suppose -u - 134 = -2*a. List the prime factors of a.
3, 19
Let i = -16 - -11. Let p(f) = 4*f**2 + 16*f - 2. Let q be p(i). Let h(v) = v**2 - 10*v - 44. What are the prime factors of h(q)?
2, 5
Let x be (2 - (-1 + 1))*(-27)/(-18). Suppose -17 = 2*c - x*f, f + 5 + 0 = -2*c. List the prime factors of (3 - c/(-2))/(8/1272).
3, 53
Suppose 0 = 204*z - 34*z - 2061420. List the prime factors of z.
2, 3, 43, 47
Suppose -4*g - 1590 = -3*g. Let x be g/24 - 2/(-8). Let z = x + 176. What are the prime factors of z?
2, 5, 11
Suppose 2*v + 4*i + 1460 = 0, 3*i = -2*i. Let m = v + 2674. List the prime factors of m.
2, 3
What are the prime factors of 12/(-42) - 35/(-98)*38974?
31, 449
Let u = -671 - -448. Let k = 292 + u. What are the prime factors of k?
3, 23
Let f(r) be the second derivative of r**4/12 + 7*r**3/6 + r**2 - 11*r. Let m be f(-4). Let u(h) = h**3 + 9*h**2 - 14*h - 7. List the prime factors of u(m).
3, 11
What are the prime factors of 3 + 116/(-40) - 671988/(-120)?
2, 5, 7
Let j = 15444 - -731. List the prime factors of j.
5, 647
Suppose 0 = 4*q + q - 30. Suppose -q*l + 0*l + 12 = 0. Suppose -o + 533 = l*o + r, 0 = 4*o - r - 713. List the prime factors of o.
2, 89
Let y be 0 + (-3)/(((-54)/2536)/9). Let h = y - 480. List the prime factors of h.
2, 197
Suppose -12*z + 16 = -8*z. Suppose -z*n - 2*i + 44 = 2*i, 3*i = 4*n - 37. What are the prime factors of (-477)/(-2) - 5/n?
2, 7, 17
Let m be (-2)/4 - (-216)/48. Suppose 0 = 3*w - 8*u + m*u - 1838, -4*w + u = -2429. List the prime factors of w.
2, 3, 101
Let j(h) = 20*h**2 + 55*h + 401. What are the prime factors of j(-32)?
19121
Let u be 756/(-30)*(0 + 160/(-12)). Suppose -2271 = -5*z - u. List the prime factors of z.
3, 43
Suppose 4*a - 3*n + 3010 = 12747, -7304 = -3*a + n. Suppose -10*h + a = -1465. What are the prime factors of h?
2, 3, 5, 13
Let q(l) = 37*l - 285. Let y(a) = 9*a - 71. Let v(g) = 2*q(g) - 9*y(g). List the prime factors of v(-10).
139
Let n(w) be the third derivative of 49*w**5/12 - w**4/24 + 2*w**3/3 + 80*w**2 - 2. What are the prime factors of n(2)?
2, 491
Let u be 3*(-1 - (-10)/6). Let s(z) = -z**3 + 7*z**2 - z. Let x be s(5). Suppose 0 = u*t - x - 121. What are the prime factors of t?
83
Suppose 190*c + 86762 = 261*c. List the prime factors of c.
2, 13, 47
Let q(f) = -f**2 + 7*f. Let t be q(7). Suppose 4*z - 3*j = 512, t = 4*z + j - 342 - 154. Let d = -78 + z. What are the prime factors of d?
47
Let u be 0/((6 - 2)/2). Suppose u*r + 2*r - 406 = 0. List the prime factors of r.
7, 29
Suppose -3*d = 5*z - 9289 - 5394, d - 4897 = z. What are the prime factors of d?
2, 3, 17
Suppose -5*g + 49137 = 4*k - 34703, -3*g = -4*k - 50336. List the prime factors of g.
2, 7, 599
Let w(b) = -b**2 - 21*b - 49. Let j be w(-18). Suppose 45 + 249 = v + 4*y, 4*v - 1198 = -j*y. List the prime factors of v.
2, 151
Let d be (-4224)/54 - (-18)/81. What are the prime factors of (-728)/d*(-1236)/(-14)?
2, 103
Let v = -232 - -371. Suppose 2713 = 5*b - m, -2*m - v = 5*b - 2858. List the prime factors of b.
3, 181
Let k = 440 - 427. Let i(h) = 4*h - 29. Let l(b) = 39*b - 291. Let v(d) = 21*i(d) - 2*l(d). List the prime factors of v(k).
3, 17
Suppose -4*h = -869 - 2363. Let v = h - 553. What are the prime factors of v?
3, 5, 17
Let p be (68/24)/17 + (-2)/12. What are the prime factors of (-15 - -16)/(2/686 + p)?
7
Let w(k) = 148*k**2 - k - 64. What are the prime factors of w(-9)?
11933
Suppose x + s = 3*s + 6, 52 = 5*x + s. List the prime factors of 30/(920/2050 + (-4)/x).
3, 5, 41
Suppose 0 = c - 3628 - 3126. What are the prime factors of c?
2, 11, 307
Let f be -18*(-2 + 3)*(-1)/2. Suppose f*r = -5*d + 4*r - 770, 3*d - 2*r + 467 = 0. Let l = 312 + d. What are the prime factors of l?
157
Let r(k) = 2*k**2 - 160*k + 1505. What are the prime factors of r(83)?
2003
What are the prime factors of ((-39)/2)/(4/(-248))?
3, 13, 31
Suppose -5*f + 177084 = 3*y + 4177, -2*y + 115267 = -f. List the prime factors of y.
2, 28817
Let h(t) = 14*t**3 + 62*t**3 + 32*t**3 + 2*t - 2*t**2. List the prime factors of h(2).
2, 5, 43
Suppose -15*o - 60 + 0 = 0. Let t(k) = -3*k**3 - k**2 - 12*k - 8. What are the prime factors of t(o)?
2, 3
Suppose 3*h - h - 650949 = -37*h. List the prime factors of h.
16691
Suppose -7*y + 32 = -3*y. Let r(f) = -9*f + 30. Let o be r(4). What are the prime factors of (-6)/(-9)*o/y*-466?
233
Suppose -4*w - 973 + 933 = 0. Suppose -28 - 221 = -a. Let v = a + w. What are the prime factors of v?
239
What are the prime factors of 1692/14*18480/198?
2, 3, 5, 47
What are the prime factors of (-4 - 4/(-2)) + (7323 - -2) + 8?
7331
Let k(f) = -f**3 + 4*f**2 - 3*f + 7. Let v be k(3). Suppose -v*o + 44*o - 10471 = 0. What are the prime factors of o?
283
Suppose 2*g - 6*g = -3*q + 153, -g - 41 = 2*q. Let z = -36 - g. Suppose 5*s - s = -z*i + 474, -632 = -4*i + 5*s. What are the prime factors of i?
2, 79
Suppose 5*u = 1176 + 94. Suppose 3*w - w - 2*t - 484 = 0, w + 2*t = u. What are the prime factors of w?
2, 3, 41
Let y(k) = k - 1. Let a(p) = -59*p + 118. Let n(f) = a(f) + 2*y(f). List the prime factors of n(-11).
743
Suppose -4*s + 701 = -1351. Let m = 737 - s. List the prime factors of m.
2, 7
Let u = 1460 - -14419. What are the prime factors of u?
3, 67, 79
Let m = -29228 + 102910. List the prime factors of m.
2, 7, 19, 277
Suppose -2*o + 3*o = 88. Let l be (36/10)/((4/176)/(60/144)). Let t = o - l. What are the prime factors of t?
2, 11
Suppose 11*z = 1510 + 1988. Suppose -3*u = 4*h - 415, -5*h + 193 = -4*u - z. What are the prime factors of h?
103
Let d be 2 + -1 + -6 - -5. Suppose -j + 0*j + 3 = d, -3*h + 183 = 3*j. What are the prime factors of h?
2, 29
Suppose 33796 = -35*n + 170541. List the prime factors of n.
3907
Let a be 33/8 - (248/(-64) - -4). Suppose s - 3*h + 309 = 2*s, 4*h - 1244 = -a*s. Let l = s - 196. List the prime factors of l.
2, 29
Let n(t) = 21*t**2 + 6*t - 83. Let d be 8/(-60)*12*-5. What are the prime factors of n(d)?
7, 11, 17
Let k = -339 - -25. Let s = k + 686. List the prime factors of s.
2, 3, 31
Let a = 171 - 146. Let t(n) = -3*n - 15. Let s be t(-10). Let h = a - s. List the prime factors of h.
2, 5
Let o(z) = -2*z**2 + 2*z + 10. Let v be o(4). Let a = 140 + v. What are the pri